{"id":1209,"date":"2019-09-10T18:25:05","date_gmt":"2019-09-10T18:25:05","guid":{"rendered":"https:\/\/swisstranslations.com\/?page_id=1209"},"modified":"2020-06-22T14:16:39","modified_gmt":"2020-06-22T14:16:39","slug":"domaines","status":"publish","type":"page","link":"https:\/\/swisstranslations.com\/?page_id=1209&lang=fr","title":{"rendered":"Domaines"},"content":{"rendered":"<section class=\"wpb-content-wrapper\"><p>[vc_row full_width=&#8221;stretch_row&#8221; content_placement=&#8221;middle&#8221; css=&#8221;.vc_custom_1570980737858{background-image: url(https:\/\/swisstranslations.com\/wp-content\/uploads\/2019\/10\/swisstranslations_settori.jpg?id=1563) !important;background-position: center !important;background-repeat: no-repeat !important;background-size: cover !important;}&#8221;][vc_column][vc_empty_space alter_height=&#8221;huge&#8221; hide_on_mobile=&#8221;&#8221;][\/vc_column][vc_column width=&#8221;2\/3&#8243;][vc_empty_space alter_height=&#8221;huge&#8221; hide_on_mobile=&#8221;&#8221;][\/vc_column][vc_column width=&#8221;1\/3&#8243;][\/vc_column][\/vc_row][vc_row][vc_column][vc_empty_space alter_height=&#8221;medium&#8221; hide_on_mobile=&#8221;&#8221;]<div id=\"sc_title_641924397\"\n\t\tclass=\"sc_title sc_title_default\"><h1 class=\"sc_item_title sc_title_title sc_align_left sc_item_title_style_default sc_item_title_tag\">Domaines<\/h1><div class=\"sc_item_descr sc_title_descr sc_align_left\"><p>Notre agence qualifi\u00e9e op\u00e8re dans de nombreux domaines. Nous traduisons vos textes en plus de 100 langues en garantissant leur qualit\u00e9 et en respectant vos objectifs en mati\u00e8re de communication ainsi que les sp\u00e9cificit\u00e9s de votre cible.<\/p>\n<\/div><\/div><!-- \/.sc_title -->[vc_empty_space alter_height=&#8221;small&#8221; hide_on_mobile=&#8221;&#8221;]<div id=\"sc_title_1222007700\"\n\t\tclass=\"sc_title sc_title_default\"><h3 class=\"sc_item_title sc_title_title sc_align_left sc_item_title_style_default\">Nos domaines de traduction sont les suivants :<\/h3><\/div><!-- \/.sc_title -->[vc_empty_space alter_height=&#8221;small&#8221; hide_on_mobile=&#8221;&#8221;][\/vc_column][\/vc_row][vc_row][vc_column][vc_row_inner][vc_column_inner width=&#8221;1\/3&#8243;][vc_column_text]<\/p>\n<div class=\"fusion-one-third one_third fusion-layout-column fusion-column spacing-yes\">\n<div class=\"fusion-column-wrapper\">\n<ul>\n<li>Administration publique<\/li>\n<li>Ameublement<\/li>\n<li>Art<\/li>\n<li>Audiovisuel<\/li>\n<li>Automatisation industrielle<\/li>\n<li>Secteur automobile<\/li>\n<li>B\u00e2timent<\/li>\n<li>Bijouterie<\/li>\n<li>Brevets industriels<\/li>\n<li>Chaussures<\/li>\n<li>Communication d\u2019entreprise<\/li>\n<li>Conception graphique web<\/li>\n<li>Conditionnement<\/li>\n<li>Cosm\u00e9tique et soins esth\u00e9tiques<\/li>\n<li>\u00c9dition<\/li>\n<li>\u0152nologie et gastronomie<\/li>\n<li>\u00c9conomie et finance<\/li>\n<li>Environnement<\/li>\n<li>\u00c9quipement \u00e9lectrom\u00e9dical<\/li>\n<\/ul>\n<\/div>\n<\/div>\n<p>[\/vc_column_text][\/vc_column_inner][vc_column_inner width=&#8221;1\/3&#8243;][vc_column_text]<\/p>\n<div class=\"fusion-one-third one_third fusion-layout-column fusion-column spacing-yes\">\n<div class=\"fusion-column-wrapper\">\n<ul>\n<li>\u00c9nergies renouvelables<\/li>\n<li>Habillement<\/li>\n<li>Fitness<\/li>\n<li>Formation<\/li>\n<li>Droit<\/li>\n<li>Gestion d\u2019entreprise<\/li>\n<li>Graphisme et publicit\u00e9<\/li>\n<li>Ing\u00e9nierie<\/li>\n<li>Installations industrielles<\/li>\n<li>Industrie alimentaire<\/li>\n<li>Informatique<\/li>\n<li>Internet<\/li>\n<li>Impression<\/li>\n<li>Logiciels<\/li>\n<li>Luxe<\/li>\n<li>Machines de chantier<\/li>\n<li>Machines-outils<\/li>\n<li>Marketing<\/li>\n<li>M\u00e9canique<\/li>\n<\/ul>\n<\/div>\n<\/div>\n<p>[\/vc_column_text][\/vc_column_inner][vc_column_inner width=&#8221;1\/3&#8243;][vc_column_text]<\/p>\n<div class=\"fusion-one-third one_third fusion-layout-column fusion-column last spacing-yes\">\n<div class=\"fusion-column-wrapper\">\n<ul>\n<li>M\u00e9decine<\/li>\n<li>Mode<\/li>\n<li>Pharmacologie<\/li>\n<li>Pneumatiques<\/li>\n<li>Politiques communautaires<\/li>\n<li>Petite enfance<\/li>\n<li>Relations publiques<\/li>\n<li>Assurance qualit\u00e9<\/li>\n<li>Religion<\/li>\n<li>Restauration<\/li>\n<li>Robotique<\/li>\n<li>Sant\u00e9<\/li>\n<li>Divertissement<\/li>\n<li>T\u00e9l\u00e9communications<\/li>\n<li>T\u00e9l\u00e9phonie<\/li>\n<li>Textile<\/li>\n<li>Tourisme<\/li>\n<li>Travail des mati\u00e8res plastiques<\/li>\n<li>Vins<\/li>\n<\/ul>\n<\/div>\n<\/div>\n<p>[\/vc_column_text][\/vc_column_inner][\/vc_row_inner][\/vc_column][\/vc_row][vc_row][vc_column][vc_empty_space alter_height=&#8221;medium&#8221; hide_on_mobile=&#8221;&#8221;][vc_column_text]Pour les traductions sp\u00e9cialis\u00e9es relatives \u00e0 des secteurs techniques et commerciaux sp\u00e9cifiques, n\u2019h\u00e9sitez pas \u00e0 nous contacter par e-mail \u00e0 <a href=\"mailto:info@swisstranslations.com\">info@swisstranslations.com<\/a> en joignant le fichier que vous souhaitez faire traduire. Vous recevrez dans les plus brefs d\u00e9lais un devis avec une date de livraison de la traduction.[\/vc_column_text][vc_empty_space alter_height=&#8221;large&#8221; hide_on_mobile=&#8221;&#8221;][\/vc_column][\/vc_row][vc_row][vc_column]<div class=\"sc_layouts sc_layouts_default sc_layouts_2172\">[vc_row full_width=\"stretch_row\" css=\".vc_custom_1592503508267{background-color: #f0f4f7 !important;}\"][vc_column width=\"2\/3\" icons_position=\"left\"][vc_empty_space alter_height=\"large\" hide_on_mobile=\"\" css=\".vc_custom_1570780276049{margin-top: -1.2rem !important;}\"]<div class=\"sc_layouts_item\"><div id=\"sc_title_670890551\"\n\t\tclass=\"sc_title sc_title_default\"><h1 class=\"sc_item_title sc_title_title sc_align_left sc_item_title_style_default sc_item_title_tag\">Demandez un devis !<\/h1><div class=\"sc_item_descr sc_title_descr sc_align_left\"><p>Pour demander un devis ou pour plus d\u2019informations :<\/p>\n<\/div><\/div><!-- \/.sc_title --><\/div>[vc_empty_space alter_height=\"small\" hide_on_mobile=\"\" css=\".vc_custom_1592505932506{margin-top: -1rem !important;}\"]<div class=\"sc_layouts_item\"><div id=\"sc_icons_50773918\" \n\tclass=\"sc_icons sc_icons_default sc_icons_size_small sc_align_left\"><div class=\"sc_icons_columns sc_item_columns trx_addons_columns_wrap columns_padding_bottom\"><div class=\"trx_addons_column-1_2\"><div class=\"sc_icons_item sc_icons_item_linked\"><div id=\"sc_icons_50773918_icon-mail-light\" class=\"sc_icons_icon sc_icon_type_ icon-mail-light\"\n\t\t\t\t\t\t\t\t\t\t\t\t><span class=\"sc_icon_type_ icon-mail-light\"><\/span><\/div><h4 class=\"sc_icons_item_title\"><span>info@swisstranslations.com<\/span><\/h4><a href=\"mailto:%20info@swisstranslations.com\" class=\"sc_icons_item_link\"><\/a><\/div><\/div><div class=\"trx_addons_column-1_2\"><div class=\"sc_icons_item sc_icons_item_linked\"><div id=\"sc_icons_50773918_icon-phone\" class=\"sc_icons_icon sc_icon_type_ icon-phone\"\n\t\t\t\t\t\t\t\t\t\t\t\t><span class=\"sc_icon_type_ icon-phone\"><\/span><\/div><h4 class=\"sc_icons_item_title\"><span>091 682 12 21<\/span><\/h4><a href=\"tel:%200916821221\" class=\"sc_icons_item_link\"><\/a><\/div><\/div><\/div><\/div><!-- \/.sc_icons --><\/div>[vc_empty_space alter_height=\"large\" hide_on_mobile=\"\" css=\".vc_custom_1570780281078{margin-top: -1rem !important;}\"][\/vc_column][vc_column width=\"1\/3\" icons_position=\"left\"][\/vc_column][\/vc_row]<\/div>[\/vc_column][\/vc_row]<\/p>\n<\/section>","protected":false},"excerpt":{"rendered":"<p>[vc_row full_width=&#8221;stretch_row&#8221; content_placement=&#8221;middle&#8221; css=&#8221;.vc_custom_1570980737858{background-image: url(https:\/\/swisstranslations.com\/wp-content\/uploads\/2019\/10\/swisstranslations_settori.jpg?id=1563) !important;background-position: center !important;background-repeat: no-repeat !important;background-size: cover !important;}&#8221;][vc_column][vc_empty_space alter_height=&#8221;huge&#8221; hide_on_mobile=&#8221;&#8221;][\/vc_column][vc_column width=&#8221;2\/3&#8243;][vc_empty_space alter_height=&#8221;huge&#8221; hide_on_mobile=&#8221;&#8221;][\/vc_column][vc_column width=&#8221;1\/3&#8243;][\/vc_column][\/vc_row][vc_row][vc_column][vc_empty_space alter_height=&#8221;medium&#8221; hide_on_mobile=&#8221;&#8221;][vc_empty_space alter_height=&#8221;small&#8221; hide_on_mobile=&#8221;&#8221;][vc_empty_space alter_height=&#8221;small&#8221; hide_on_mobile=&#8221;&#8221;][\/vc_column][\/vc_row][vc_row][vc_column][vc_row_inner][vc_column_inner width=&#8221;1\/3&#8243;][vc_column_text] Administration publique Ameublement Art Audiovisuel Automatisation industrielle Secteur automobile B\u00e2timent Bijouterie Brevets industriels Chaussures Communication&hellip;<\/p>\n","protected":false},"author":2,"featured_media":0,"parent":0,"menu_order":0,"comment_status":"closed","ping_status":"closed","template":"","meta":{"_monsterinsights_skip_tracking":false,"_monsterinsights_sitenote_active":false,"_monsterinsights_sitenote_note":"","_monsterinsights_sitenote_category":0,"footnotes":""},"class_list":["post-1209","page","type-page","status-publish","hentry"],"_links":{"self":[{"href":"https:\/\/swisstranslations.com\/index.php?rest_route=\/wp\/v2\/pages\/1209","targetHints":{"allow":["GET"]}}],"collection":[{"href":"https:\/\/swisstranslations.com\/index.php?rest_route=\/wp\/v2\/pages"}],"about":[{"href":"https:\/\/swisstranslations.com\/index.php?rest_route=\/wp\/v2\/types\/page"}],"author":[{"embeddable":true,"href":"https:\/\/swisstranslations.com\/index.php?rest_route=\/wp\/v2\/users\/2"}],"replies":[{"embeddable":true,"href":"https:\/\/swisstranslations.com\/index.php?rest_route=%2Fwp%2Fv2%2Fcomments&post=1209"}],"version-history":[{"count":7,"href":"https:\/\/swisstranslations.com\/index.php?rest_route=\/wp\/v2\/pages\/1209\/revisions"}],"predecessor-version":[{"id":2219,"href":"https:\/\/swisstranslations.com\/index.php?rest_route=\/wp\/v2\/pages\/1209\/revisions\/2219"}],"wp:attachment":[{"href":"https:\/\/swisstranslations.com\/index.php?rest_route=%2Fwp%2Fv2%2Fmedia&parent=1209"}],"curies":[{"name":"wp","href":"https:\/\/api.w.org\/{rel}","templated":true}]}}