{"id":1266,"date":"2019-09-11T10:41:20","date_gmt":"2019-09-11T10:41:20","guid":{"rendered":"https:\/\/swisstranslations.com\/?page_id=1266"},"modified":"2020-06-22T14:09:25","modified_gmt":"2020-06-22T14:09:25","slug":"finanzuebersetzungen","status":"publish","type":"page","link":"https:\/\/swisstranslations.com\/?page_id=1266&lang=de","title":{"rendered":"Finanz\u00fcbersetzungen"},"content":{"rendered":"<section class=\"wpb-content-wrapper\"><p>[vc_row full_width=&#8221;stretch_row&#8221; content_placement=&#8221;middle&#8221; parallax=&#8221;content-moving&#8221; css=&#8221;.vc_custom_1570985114726{background-image: url(https:\/\/swisstranslations.com\/wp-content\/uploads\/2019\/10\/swisstranslations_traduzioni_finanziarie.jpg?id=1583) !important;background-position: center;background-repeat: no-repeat !important;background-size: cover !important;}&#8221;][vc_column][vc_empty_space alter_height=&#8221;huge&#8221; hide_on_mobile=&#8221;&#8221;][\/vc_column][vc_column width=&#8221;2\/3&#8243;][vc_empty_space alter_height=&#8221;huge&#8221; hide_on_mobile=&#8221;&#8221;][\/vc_column][vc_column width=&#8221;1\/3&#8243;][\/vc_column][\/vc_row][vc_row][vc_column][vc_empty_space alter_height=&#8221;medium&#8221; hide_on_mobile=&#8221;&#8221;]<div id=\"sc_title_1972222863\"\n\t\tclass=\"sc_title sc_title_default\"><h1 class=\"sc_item_title sc_title_title sc_align_left sc_item_title_style_default sc_item_title_tag\">Finanz\u00fcbersetzungen<\/h1><div class=\"sc_item_descr sc_title_descr sc_align_left\"><p>Unser Studio bietet professionelle L\u00f6sungen von Finanz\u00fcbersetzungen f\u00fcr Treuhandb\u00fcros, Beratungsunternehmen, Finanzinstitute, Banken und Gesellschaften an, mit Sitz in der Schweiz und im Ausland.<\/p>\n<p>Unsere vertieften Kenntnisse der nationalen und internationalen Finanzwelt bilden die Qualit\u00e4tsgrundlage unserer \u00dcbersetzungst\u00e4tigkeit. Im Bewusstsein der entscheidenden Rolle dieses Fachgebiets arbeitet unsere Agentur ausschliesslich mit qualifizierten Mitarbeitern und Fachleuten des Finanzsektors zusammen, um kompetente und zuverl\u00e4ssige Dienstleistungen zu gew\u00e4hrleisten. Viele unserer \u00dcbersetzer und Finanzpr\u00fcfer verf\u00fcgen \u00fcber Arbeitserfahrung als Finanzanalysten und Trader.<\/p>\n<\/div><\/div><!-- \/.sc_title -->[vc_empty_space alter_height=&#8221;small&#8221; hide_on_mobile=&#8221;&#8221;][vc_column_text]<\/p>\n<h5>Beispiele f\u00fcr Finanz\u00fcbersetzungen<\/h5>\n<p>Nachstehend einige der Dokumentsorten aus der Finanzwelt, die wir \u00fcbersetzen:[\/vc_column_text][vc_empty_space alter_height=&#8221;small&#8221; hide_on_mobile=&#8221;&#8221;][\/vc_column][\/vc_row][vc_row][vc_column width=&#8221;1\/2&#8243;][vc_column_text]<\/p>\n<div class=\"fusion-one-half one_half fusion-layout-column fusion-column spacing-yes\">\n<div class=\"fusion-column-wrapper\">\n<ul>\n<li>Bilanzen<\/li>\n<li>Wirtschaftliche und finanzielle Gesch\u00e4ftsberichte<\/li>\n<li>Berichterstattung der Rechnungsrevisoren<\/li>\n<li>Finanz- und Steuerberichte<\/li>\n<li>Berichte und Mitteilungen an die Aktion\u00e4re<\/li>\n<li>Berichte \u00fcber Aktien-, Obligationen und W\u00e4hrungsm\u00e4rkte<\/li>\n<li>B\u00f6rsenanalysen<\/li>\n<li>Marktanalysen<\/li>\n<li>Wirtschaftsanalysen<\/li>\n<li>Finanzartikel<\/li>\n<\/ul>\n<\/div>\n<\/div>\n<p>[\/vc_column_text][\/vc_column][vc_column width=&#8221;1\/2&#8243;][vc_column_text]<\/p>\n<div class=\"fusion-one-half one_half fusion-layout-column fusion-column last spacing-yes\">\n<div class=\"fusion-column-wrapper\">\n<ul>\n<li>Platzierung und Bewertung von Krediten<\/li>\n<li>B\u00f6rsenberichte<\/li>\n<li>Vertr\u00e4ge<\/li>\n<li>Due-Diligence-Pr\u00fcfungen<\/li>\n<li>Informationsbl\u00e4tter<\/li>\n<li>Rechnungspr\u00fcfungsnormen<\/li>\n<li>Aktion\u00e4rs\u00fcbereinkommen<\/li>\n<li>Informationsprospekte<\/li>\n<li>White papers<\/li>\n<li>Finanzprojekte<\/li>\n<li>Druckschriften<\/li>\n<\/ul>\n<\/div>\n<\/div>\n<p>[\/vc_column_text][\/vc_column][\/vc_row][vc_row][vc_column][vc_empty_space alter_height=&#8221;small&#8221; hide_on_mobile=&#8221;&#8221;][vc_single_image image=&#8221;1686&#8243; img_size=&#8221;full&#8221;][vc_empty_space alter_height=&#8221;small&#8221; hide_on_mobile=&#8221;&#8221;][vc_column_text]<\/p>\n<h5>Vertraulichkeit der Informationen<\/h5>\n<p>Unsere Mitarbeiter sind an das Gesch\u00e4ftsgeheimnis gebunden und haben Vertraulichkeitserkl\u00e4rungen in Bezug auf Kundeninformationen unterzeichnet. Diskretion und Sicherheit der Informationen stehen in unserem Unternehmen an erster Stelle.<\/p>\n<p>S\u00e4mtliche ausgef\u00fchrten Arbeiten sind streng vertraulich: Die Wichtigkeit der Rolle dieses Fachgebiets wissend, arbeitet unsere Agentur ausschliesslich mit qualifizierten Mitarbeitern und Fachleuten des Finanzsektors zusammen, um kompetente und zuverl\u00e4ssige Dienstleistungen zu gew\u00e4hrleisten.[\/vc_column_text][vc_empty_space alter_height=&#8221;small&#8221; hide_on_mobile=&#8221;&#8221;][vc_column_text]<\/p>\n<h5>Bescheinigungen und Beglaubigungen<\/h5>\n<p>Zu \u00dcbersetzungen im Finanzen Bereich bieten wir unseren Kunden auch \u00dcbersetzungen mit Bescheinigungen und \/ oder Beglaubigungen an. Je nach Anforderungen des Kunden und des Bestimmungslandes der \u00dcbersetzung f\u00fchren wir das entsprechende Beglaubigungsverfahren durch, damit die \u00dcbersetzung auch im Ausland g\u00fcltig ist.<\/p>\n<p>Sie m\u00fcssen lediglich angeben, f\u00fcr welches Land die \u00dcbersetzung bestimmt ist. Wir k\u00fcmmern uns um den Rest.<\/p>\n<p>Kontaktieren Sie uns f\u00fcr \u00dcbersetzungen im Finanzen Bereich per E-Mail an <a href=\"mailto:info@swisstranslations.com\">info@swisstranslations.com<\/a> oder f\u00fcllen Sie das untenstehende Formular aus und senden Sie als Anlage die Datei, f\u00fcr welche Sie die \u0170bersetzung ben\u00f6tigen. Sie erhalten schnellstm\u00f6glich unser unverbindliches Angebot mit dem Aush\u00e4ndigungstermin.[\/vc_column_text][vc_empty_space alter_height=&#8221;medium&#8221; hide_on_mobile=&#8221;&#8221;][\/vc_column][\/vc_row][vc_row][vc_column]<div class=\"sc_layouts sc_layouts_default sc_layouts_2173\">[vc_row full_width=\"stretch_row\" css=\".vc_custom_1592503508267{background-color: #f0f4f7 !important;}\"][vc_column width=\"2\/3\" icons_position=\"left\"][vc_empty_space alter_height=\"large\" hide_on_mobile=\"\" css=\".vc_custom_1570780276049{margin-top: -1.2rem !important;}\"]<div class=\"sc_layouts_item\"><div id=\"sc_title_2079835476\"\n\t\tclass=\"sc_title sc_title_default\"><h1 class=\"sc_item_title sc_title_title sc_align_left sc_item_title_style_default sc_item_title_tag\">Kostenvoranschlag anfordern!<\/h1><div class=\"sc_item_descr sc_title_descr sc_align_left\"><p>Um einen Kostenvoranschlag oder weitere Informationen anzufordern:<\/p>\n<\/div><\/div><!-- \/.sc_title --><\/div>[vc_empty_space alter_height=\"small\" hide_on_mobile=\"\" css=\".vc_custom_1592505932506{margin-top: -1rem !important;}\"]<div class=\"sc_layouts_item\"><div id=\"sc_icons_125403230\" \n\tclass=\"sc_icons sc_icons_default sc_icons_size_small sc_align_left\"><div class=\"sc_icons_columns sc_item_columns trx_addons_columns_wrap columns_padding_bottom\"><div class=\"trx_addons_column-1_2\"><div class=\"sc_icons_item sc_icons_item_linked\"><div id=\"sc_icons_125403230_icon-mail-light\" class=\"sc_icons_icon sc_icon_type_ icon-mail-light\"\n\t\t\t\t\t\t\t\t\t\t\t\t><span class=\"sc_icon_type_ icon-mail-light\"><\/span><\/div><h4 class=\"sc_icons_item_title\"><span>info@swisstranslations.com<\/span><\/h4><a href=\"mailto:%20info@swisstranslations.com\" class=\"sc_icons_item_link\"><\/a><\/div><\/div><div class=\"trx_addons_column-1_2\"><div class=\"sc_icons_item sc_icons_item_linked\"><div id=\"sc_icons_125403230_icon-phone\" class=\"sc_icons_icon sc_icon_type_ icon-phone\"\n\t\t\t\t\t\t\t\t\t\t\t\t><span class=\"sc_icon_type_ icon-phone\"><\/span><\/div><h4 class=\"sc_icons_item_title\"><span>091 682 12 21<\/span><\/h4><a href=\"tel:%200916821221\" class=\"sc_icons_item_link\"><\/a><\/div><\/div><\/div><\/div><!-- \/.sc_icons --><\/div>[vc_empty_space alter_height=\"large\" hide_on_mobile=\"\" css=\".vc_custom_1570780281078{margin-top: -1rem !important;}\"][\/vc_column][vc_column width=\"1\/3\" icons_position=\"left\"][\/vc_column][\/vc_row]<\/div>[\/vc_column][\/vc_row]<\/p>\n<\/section>","protected":false},"excerpt":{"rendered":"<p>[vc_row full_width=&#8221;stretch_row&#8221; content_placement=&#8221;middle&#8221; parallax=&#8221;content-moving&#8221; css=&#8221;.vc_custom_1570985114726{background-image: url(https:\/\/swisstranslations.com\/wp-content\/uploads\/2019\/10\/swisstranslations_traduzioni_finanziarie.jpg?id=1583) !important;background-position: center;background-repeat: no-repeat !important;background-size: cover !important;}&#8221;][vc_column][vc_empty_space alter_height=&#8221;huge&#8221; hide_on_mobile=&#8221;&#8221;][\/vc_column][vc_column width=&#8221;2\/3&#8243;][vc_empty_space alter_height=&#8221;huge&#8221; hide_on_mobile=&#8221;&#8221;][\/vc_column][vc_column width=&#8221;1\/3&#8243;][\/vc_column][\/vc_row][vc_row][vc_column][vc_empty_space alter_height=&#8221;medium&#8221; hide_on_mobile=&#8221;&#8221;][vc_empty_space alter_height=&#8221;small&#8221; hide_on_mobile=&#8221;&#8221;][vc_column_text] Beispiele f\u00fcr Finanz\u00fcbersetzungen Nachstehend einige der Dokumentsorten aus der Finanzwelt, die wir \u00fcbersetzen:[\/vc_column_text][vc_empty_space alter_height=&#8221;small&#8221; hide_on_mobile=&#8221;&#8221;][\/vc_column][\/vc_row][vc_row][vc_column width=&#8221;1\/2&#8243;][vc_column_text] Bilanzen Wirtschaftliche&hellip;<\/p>\n","protected":false},"author":2,"featured_media":0,"parent":0,"menu_order":0,"comment_status":"closed","ping_status":"closed","template":"","meta":{"_monsterinsights_skip_tracking":false,"_monsterinsights_sitenote_active":false,"_monsterinsights_sitenote_note":"","_monsterinsights_sitenote_category":0,"footnotes":""},"class_list":["post-1266","page","type-page","status-publish","hentry"],"_links":{"self":[{"href":"https:\/\/swisstranslations.com\/index.php?rest_route=\/wp\/v2\/pages\/1266","targetHints":{"allow":["GET"]}}],"collection":[{"href":"https:\/\/swisstranslations.com\/index.php?rest_route=\/wp\/v2\/pages"}],"about":[{"href":"https:\/\/swisstranslations.com\/index.php?rest_route=\/wp\/v2\/types\/page"}],"author":[{"embeddable":true,"href":"https:\/\/swisstranslations.com\/index.php?rest_route=\/wp\/v2\/users\/2"}],"replies":[{"embeddable":true,"href":"https:\/\/swisstranslations.com\/index.php?rest_route=%2Fwp%2Fv2%2Fcomments&post=1266"}],"version-history":[{"count":15,"href":"https:\/\/swisstranslations.com\/index.php?rest_route=\/wp\/v2\/pages\/1266\/revisions"}],"predecessor-version":[{"id":2213,"href":"https:\/\/swisstranslations.com\/index.php?rest_route=\/wp\/v2\/pages\/1266\/revisions\/2213"}],"wp:attachment":[{"href":"https:\/\/swisstranslations.com\/index.php?rest_route=%2Fwp%2Fv2%2Fmedia&parent=1266"}],"curies":[{"name":"wp","href":"https:\/\/api.w.org\/{rel}","templated":true}]}}