{"id":804,"date":"2019-06-09T13:56:06","date_gmt":"2019-06-09T13:56:06","guid":{"rendered":"https:\/\/swisstranslations.com\/?page_id=804"},"modified":"2020-06-22T13:52:41","modified_gmt":"2020-06-22T13:52:41","slug":"faq-traduzioni-professionali-ticino","status":"publish","type":"page","link":"https:\/\/swisstranslations.com\/?page_id=804","title":{"rendered":"FAQ"},"content":{"rendered":"<section class=\"wpb-content-wrapper\"><p>[vc_row full_width=&#8221;stretch_row&#8221; content_placement=&#8221;top&#8221; css=&#8221;.vc_custom_1570965690700{background-image: url(https:\/\/swisstranslations.com\/wp-content\/uploads\/2019\/10\/swisstranslations_faq_home.jpg?id=1557) !important;background-position: center !important;background-repeat: no-repeat !important;background-size: cover !important;}&#8221;][vc_column][vc_empty_space alter_height=&#8221;large&#8221; hide_on_mobile=&#8221;&#8221;][\/vc_column][vc_column width=&#8221;2\/3&#8243;]<div id=\"sc_title_983492051\"\n\t\tclass=\"scheme_dark sc_title sc_title_default\"><h1 class=\"sc_item_title sc_title_title sc_align_left sc_item_title_style_default sc_item_title_tag\">FAQ<\/h1><div class=\"sc_item_descr sc_title_descr sc_align_left\"><p>Domande frequenti sul servizio di traduzione.<\/p>\n<\/div><\/div><!-- \/.sc_title -->[vc_empty_space alter_height=&#8221;medium&#8221; hide_on_mobile=&#8221;&#8221;][\/vc_column][vc_column width=&#8221;1\/3&#8243;][\/vc_column][\/vc_row][vc_row][vc_column][vc_empty_space alter_height=&#8221;medium&#8221; hide_on_mobile=&#8221;&#8221;][vc_toggle title=&#8221;Come si calcola il costo di una traduzione?&#8221; style=&#8221;round&#8221; color=&#8221;chino&#8221; open=&#8221;true&#8221;]L\u2019unit\u00e0 di misura adottata da Swiss Translations \u00e8 la riga di 50 caratteri spazi inclusi, ovvero 50 battute. Il costo di una traduzione varia in relazione alla combinazione linguistica, alla tipologia del testo da tradurre e all\u2019eventuale richiesta di urgenza. Per un preventivo o per qualsiasi informazione sul servizio di traduzione, contattateci tramite email a <a href=\"mailto:info@swisstranslations.com\">info@swisstranslations.com<\/a>. Risponderemo nel pi\u00f9 breve tempo possibile.[\/vc_toggle][vc_toggle title=&#8221;Quali sono i tempi di traduzione?&#8221; style=&#8221;round&#8221; color=&#8221;chino&#8221;]I tempi di traduzione variano a seconda della lunghezza del testo da tradurre, della sua complessit\u00e0 e della lingua richiesta. Nel preventivo troverete anche i tempi di esecuzione e consegna dei testi. In caso di urgenza, vogliate semplicemente segnalarlo nella vostra richiesta e ci attiveremo per fornire i migliori tempi di consegna possibili.[\/vc_toggle][vc_toggle title=&#8221;Quali sono i criteri di scelta dei vostri collaboratori?&#8221; style=&#8221;round&#8221; color=&#8221;chino&#8221;]Swiss Translations collabora solo con traduttori madrelingua; questo significa che ciascuno di loro lavora traducendo solo verso la propria lingua madre. Tutti i traduttori sono stati selezionati con la massima attenzione sulla base delle loro esperienze professionali e la loro competenza nei vari settori a seconda che si tratti di traduzioni tecniche, legali, scientifiche, ecc.[\/vc_toggle][vc_toggle title=&#8221;Come si pu\u00f2 richiedere un preventivo?&#8221; style=&#8221;round&#8221; color=&#8221;chino&#8221;]Niente di pi\u00f9 semplice! Baster\u00e0 inviarci un email con i testi che desiderate tradurre e riceverete un preventivo dettagliato comprensivo di costi, tempi di consegna e modalit\u00e0 di esecuzione formulato secondo le vostre esigenze. In ogni caso sar\u00e0 necessario inviare il testo da tradurre per consentire ai nostri operatori di conteggiare la lunghezza del testo e formulare una proposta precisa. La richiesta del preventivo non comporta alcun obbligo ed \u00e8 gratuita. Tutti i documenti a noi inviati saranno trattati nel rispetto della massima confidenzialit\u00e0.[\/vc_toggle][vc_toggle title=&#8221;Quali garanzie ci sono che il testo tradotto sia corretto?&#8221; style=&#8221;round&#8221; color=&#8221;chino&#8221;]La scelta di traduttori professionisti, madrelingua e con pluriennale esperienza \u00e8 sicuramente garanzia di una traduzione corretta, fedele al testo originale e adeguata in termini di terminologia usata. Inoltre, prima della consegna al cliente, il testo viene revisionato accuratamente da un secondo traduttore per un controllo finale di qualit\u00e0. Se la traduzione dovesse presentare degli errori, il cliente avr\u00e0 il diritto alla correzione del testo tradotto. La correzione della traduzione sar\u00e0 esclusa solo nel caso in cui queste imperfezioni siano state causate dal cliente stesso per esempio in caso di informazioni incomplete o errate, o trasmettendo dei testi originali errati.[\/vc_toggle][vc_toggle title=&#8221;Per quali lingue offrite il servizio di traduzione?&#8221; style=&#8221;round&#8221; color=&#8221;chino&#8221;]Offriamo traduzioni in pi\u00f9 di 100 lingue.<br \/>\nUn elenco delle principali lingue da noi trattate \u00e8 disponibile nella pagina <a href=\"https:\/\/swisstranslations.com\/lingue\/\">LINGUE<\/a>[\/vc_toggle][vc_toggle title=&#8221;\u00c8 possibile tradurre un documento in pi\u00f9 lingue?&#8221; style=&#8221;round&#8221; color=&#8221;chino&#8221;]Certamente! Baster\u00e0 indicare nella vostra richiesta di preventivo le lingue desiderate.[\/vc_toggle][vc_toggle title=&#8221;Che garanzie ho sui tempi di consegna?&#8221; style=&#8221;round&#8221; color=&#8221;chino&#8221;]SWISS TRANSLATIONS garantisce il rispetto dei tempi di consegna definiti in fase di preventivo. Si prega di visionare le condizioni generali di vendita per i dettagli.[\/vc_toggle][vc_toggle title=&#8221;Che procedure adottate per la riservatezza?&#8221; style=&#8221;round&#8221; color=&#8221;chino&#8221;]Tutti i nostri collaboratori sono <strong>vincolati dal segreto commerciale<\/strong> e hanno siglato <strong>accordi di non divulgazione<\/strong> aziendale poich\u00e9 per la nostra azienda la riservatezza e la sicurezza delle informazioni sono di primaria importanza.<\/p>\n<p>Tutti i lavori da noi eseguiti rimangono <strong>riservati<\/strong>: i nostri traduttori sono molto attenti alla particolare natura di questo settore e lavorano nel pieno rispetto della confidenzialit\u00e0.[\/vc_toggle][vc_empty_space alter_height=&#8221;medium&#8221; hide_on_mobile=&#8221;&#8221;][\/vc_column][\/vc_row][vc_row][vc_column]<div class=\"sc_layouts sc_layouts_default sc_layouts_646\">[vc_row full_width=\"stretch_row\" css=\".vc_custom_1592503508267{background-color: #f0f4f7 !important;}\"][vc_column width=\"2\/3\" icons_position=\"left\"][vc_empty_space alter_height=\"large\" hide_on_mobile=\"\" css=\".vc_custom_1570780276049{margin-top: -1.2rem !important;}\"]<div class=\"sc_layouts_item\"><div id=\"sc_title_1178035941\"\n\t\tclass=\"sc_title sc_title_default\"><h1 class=\"sc_item_title sc_title_title sc_align_left sc_item_title_style_default sc_item_title_tag\">Richiedi un preventivo!<\/h1><div class=\"sc_item_descr sc_title_descr sc_align_left\"><p>Per richiedere un preventivo o maggiori informazioni:<\/p>\n<\/div><\/div><!-- \/.sc_title --><\/div>[vc_empty_space alter_height=\"small\" hide_on_mobile=\"\" css=\".vc_custom_1592505932506{margin-top: -1rem !important;}\"]<div class=\"sc_layouts_item\"><div id=\"sc_icons_23708017\" \n\tclass=\"sc_icons sc_icons_default sc_icons_size_small sc_align_left\"><div class=\"sc_icons_columns sc_item_columns trx_addons_columns_wrap columns_padding_bottom\"><div class=\"trx_addons_column-1_2\"><div class=\"sc_icons_item sc_icons_item_linked\"><div id=\"sc_icons_23708017_icon-mail-light\" class=\"sc_icons_icon sc_icon_type_ icon-mail-light\"\n\t\t\t\t\t\t\t\t\t\t\t\t><span class=\"sc_icon_type_ icon-mail-light\"><\/span><\/div><h4 class=\"sc_icons_item_title\"><span>info@swisstranslations.com<\/span><\/h4><a href=\"mailto:%20info@swisstranslations.com\" class=\"sc_icons_item_link\"><\/a><\/div><\/div><div class=\"trx_addons_column-1_2\"><div class=\"sc_icons_item sc_icons_item_linked\"><div id=\"sc_icons_23708017_icon-phone\" class=\"sc_icons_icon sc_icon_type_ icon-phone\"\n\t\t\t\t\t\t\t\t\t\t\t\t><span class=\"sc_icon_type_ icon-phone\"><\/span><\/div><h4 class=\"sc_icons_item_title\"><span>091 682 12 21<\/span><\/h4><a href=\"tel:%200916821221\" class=\"sc_icons_item_link\"><\/a><\/div><\/div><\/div><\/div><!-- \/.sc_icons --><\/div>[vc_empty_space alter_height=\"large\" hide_on_mobile=\"\" css=\".vc_custom_1570780281078{margin-top: -1rem !important;}\"][\/vc_column][vc_column width=\"1\/3\" icons_position=\"left\"][\/vc_column][\/vc_row]<\/div>[\/vc_column][\/vc_row]<\/p>\n<\/section>","protected":false},"excerpt":{"rendered":"<p>[vc_row full_width=&#8221;stretch_row&#8221; content_placement=&#8221;top&#8221; css=&#8221;.vc_custom_1570965690700{background-image: url(https:\/\/swisstranslations.com\/wp-content\/uploads\/2019\/10\/swisstranslations_faq_home.jpg?id=1557) !important;background-position: center !important;background-repeat: no-repeat !important;background-size: cover !important;}&#8221;][vc_column][vc_empty_space alter_height=&#8221;large&#8221; hide_on_mobile=&#8221;&#8221;][\/vc_column][vc_column width=&#8221;2\/3&#8243;][vc_empty_space alter_height=&#8221;medium&#8221; hide_on_mobile=&#8221;&#8221;][\/vc_column][vc_column width=&#8221;1\/3&#8243;][\/vc_column][\/vc_row][vc_row][vc_column][vc_empty_space alter_height=&#8221;medium&#8221; hide_on_mobile=&#8221;&#8221;][vc_toggle title=&#8221;Come si calcola il costo di una traduzione?&#8221; style=&#8221;round&#8221; color=&#8221;chino&#8221; open=&#8221;true&#8221;]L\u2019unit\u00e0 di misura adottata da Swiss Translations \u00e8 la riga&hellip;<\/p>\n","protected":false},"author":3,"featured_media":1557,"parent":0,"menu_order":0,"comment_status":"closed","ping_status":"closed","template":"","meta":{"_monsterinsights_skip_tracking":false,"_monsterinsights_sitenote_active":false,"_monsterinsights_sitenote_note":"","_monsterinsights_sitenote_category":0,"footnotes":""},"class_list":["post-804","page","type-page","status-publish","has-post-thumbnail","hentry"],"_links":{"self":[{"href":"https:\/\/swisstranslations.com\/index.php?rest_route=\/wp\/v2\/pages\/804","targetHints":{"allow":["GET"]}}],"collection":[{"href":"https:\/\/swisstranslations.com\/index.php?rest_route=\/wp\/v2\/pages"}],"about":[{"href":"https:\/\/swisstranslations.com\/index.php?rest_route=\/wp\/v2\/types\/page"}],"author":[{"embeddable":true,"href":"https:\/\/swisstranslations.com\/index.php?rest_route=\/wp\/v2\/users\/3"}],"replies":[{"embeddable":true,"href":"https:\/\/swisstranslations.com\/index.php?rest_route=%2Fwp%2Fv2%2Fcomments&post=804"}],"version-history":[{"count":32,"href":"https:\/\/swisstranslations.com\/index.php?rest_route=\/wp\/v2\/pages\/804\/revisions"}],"predecessor-version":[{"id":2179,"href":"https:\/\/swisstranslations.com\/index.php?rest_route=\/wp\/v2\/pages\/804\/revisions\/2179"}],"wp:featuredmedia":[{"embeddable":true,"href":"https:\/\/swisstranslations.com\/index.php?rest_route=\/wp\/v2\/media\/1557"}],"wp:attachment":[{"href":"https:\/\/swisstranslations.com\/index.php?rest_route=%2Fwp%2Fv2%2Fmedia&parent=804"}],"curies":[{"name":"wp","href":"https:\/\/api.w.org\/{rel}","templated":true}]}}